- 10*s + 10. Let f(c) = 4*o(c) - 12*w(c). What is the units digit of f(-11)?
4
Suppose 9*y = -3*x + 7806, 19*x - 23*x + 4*y = -10456. What is the tens digit of x?
1
Let h(f) = -24*f + 22*f**2 + 21*f - 9 + 6. What is the tens digit of h(5)?
3
Suppose 4*q - 143 = -5*k, -5*q + 215 = 3*k - 4*k. Let g = 162 - q. Let o = g - 72. What is the units digit of o?
8
Let g be (24/18)/((-2)/(-9)). Suppose -259 = -u - g*u. Let v = u + 92. What is the hundreds digit of v?
1
Let k(y) = 3*y**3 + 8*y**2 + 10*y + 1. Let i be k(-2). What is the tens digit of 321 + 1 + i/((-88)/32)?
2
Suppose -v - 25 = -y, -9 = 2*y + 3*v - 39. Suppose -2095 = -2*n - x, y*n - 26*n = 3*x - 5235. What is the hundreds digit of n?
0
Let l(p) = p**3 - 39*p**2 + 43*p - 48. Let b = -174 + 212. What is the units digit of l(b)?
2
Let z = -1805 + 1070. Let y = z + 1186. What is the tens digit of y?
5
Let s be ((-28)/21)/((-2)/42). Let y = 87 + s. What is the tens digit of y?
1
Let w(f) = -254*f**3 - 12*f**2 + 2*f - 30. What is the tens digit of w(-5)?
1
Suppose -2972 = -2*o + 1088. Let h = o - 1353. What is the units digit of h?
7
Let c(r) = 48*r - 24. Let p be c(-4). Let b = 792 + p. What is the units digit of b?
6
Let i(l) = -5*l. Let o be i(-1). Suppose 21 = -o*v + 6. What is the tens digit of -4 - 27/(v/3)?
2
Let s(w) = w + 10. Let p be s(-7). Let q be p/27 + (-53)/(-9). Suppose -4*h = q*h - 1960. What is the hundreds digit of h?
1
Suppose 3*n - k - 19 = -0*n, -3*n - k = -29. Suppose m - 3*i - 192 = -i, 4*i + n = 0. What is the tens digit of m?
8
Let k(z) = -19*z + 21. Suppose -d + 7 = 24. What is the hundreds digit of k(d)?
3
Suppose 33*r - 430422 = -36*r. What is the thousands digit of r?
6
Suppose 2*d - 2516 = -2*s, -5*s + 3*s + 3*d = -2501. Suppose 5*u - b = s, -3*b = 5*u - 923 - 332. What is the tens digit of u?
5
Let a = 7291 - 3887. Suppose -14215 + a = -19*d. What is the units digit of d?
9
Let k(u) = u**3 - 22*u**2 + 12*u + 42. Let g be k(10). Let v = 1771 + g. What is the units digit of v?
3
Let f(a) = 8*a - 7. Let t(z) = 17*z - 15. Let o(m) = -5*f(m) + 2*t(m). Let k be ((-6)/15)/((-1)/(-20)). What is the units digit of o(k)?
3
Let f(i) be the second derivative of -i**5/20 - 35*i**4/12 - 47*i**3/6 - 85*i**2/2 - 4*i + 2. What is the hundreds digit of f(-34)?
3
Let y(l) = -l**3 + 3*l**2 + 2*l - 1. Let p be y(3). Suppose 3*v - 10*o - 401 = -5*o, 528 = 4*v - p*o. What is the tens digit of v?
2
Suppose 0 = -3*l, -2*i + 170 = -4*l + 568. Let y = -84 - i. Let p = 263 - y. What is the units digit of p?
8
Suppose -35*q + 11*q = 33192 - 249552. What is the hundreds digit of q?
0
Let k(b) = -849*b + 65. Let d be k(-1). Let l = -6 + d. What is the tens digit of l?
0
Let a be 0/2*(-1)/(-3). Suppose a = -10*b + 7687 - 477. What is the hundreds digit of b?
7
Let t(a) = -193*a + 3886. What is the thousands digit of t(-21)?
7
Suppose 1 = 4*w + 2*c - 3, 2*w = 2*c - 10. What is the units digit of (10*w)/(-2 - (-526)/264)?
0
Let r = 106128 + -67553. What is the thousands digit of r?
8
Suppose 140691 = 32*w - 192390 - 253479. What is the hundreds digit of w?
3
Let s(o) = -o**2 + 3*o - 2. Let l be s(1). Let t be (l - 1 - -2)*22. Suppose t*f = 21*f + 106. What is the units digit of f?
6
Suppose 2*v - 8 = -0. Suppose -u = -c + 3*c - 4, -c - v = -u. Suppose c = 4*r - 6 - 6, 3*n - 2*r - 84 = 0. What is the tens digit of n?
3
Suppose 4*k + u + u = 28, 0 = 5*k - u - 21. Suppose k*j + 4*c - 272 = 0, 2*c - 126 = -4*j + 94. What is the tens digit of j?
5
Let b(c) = 18*c**3 - 34*c**2 - 51*c + 70. What is the units digit of b(16)?
8
Let v = 4761 + 18631. What is the tens digit of v?
9
Suppose -2*b + 13922 = 2*c, 3*c + 2*c - 34835 = b. What is the tens digit of c?
6
Let t be -90*((-32)/40 + 294/(-45)). Suppose t = 25*x - 19*x. What is the units digit of x?
0
Suppose 0 = 10*r - 62 + 2. Let f be 305 - r/(-6) - 4. Let c = 574 - f. What is the hundreds digit of c?
2
Suppose 3*d + 0*d - 4*l = -302, 5*l - 119 = d. Let b = d + 112. What is the units digit of b?
8
Let f(k) = -4*k**3 - 53*k**2 + 35*k + 27. What is the hundreds digit of f(-14)?
1
Let r(b) = 38*b**2 + 31*b - 60. What is the units digit of r(-13)?
9
Let f be 2/(45/(-51) + -5 + 6). Suppose -16 = -4*b - 4*n, 8*b - 4*b - f = -5*n. What is the units digit of b?
3
Let n = 2373 + -7032. What is the tens digit of n/(-6) + 5 - (-4)/8?
8
Let j = 622 - 623. Let q(n) = -128*n - 21. What is the tens digit of q(j)?
0
Let h be (195 - -21) + (-4)/(-1). Let p = h - 29. What is the tens digit of p?
9
Suppose 16 = 3*m + m, 3*r + 2*m - 11 = 0. Let g(z) = z**3 + 3*z - 2. Let i be g(r). Suppose -2*p - i*p = c - 89, 0 = -c + p + 74. What is the units digit of c?
7
Suppose -4*l = z - 18, 2*z + 4*l - 23 = 1. Let n(v) be the third derivative of v**5/15 - v**4/4 - 7*v**3/6 + 30*v**2. What is the hundreds digit of n(z)?
1
Suppose 4*o + 4 = 0, -2*o + 490 = 2*a + a. Suppose 2*q + 398 = -a. Let t = -169 - q. What is the tens digit of t?
1
Let r = -21 - -26. Let a(b) = -b**2 + 9*b - 20. Let i be a(r). Suppose i = -5*j - 6*j + 638. What is the tens digit of j?
5
Let n = 18 + 10. Suppose 4*h = -h, 0 = 4*q - 3*h - 148. Let t = n + q. What is the units digit of t?
5
Suppose 0 = 10*t - 3982 - 34708. What is the thousands digit of t?
3
Let m be 2/2 + (-5)/((-15)/1947). Let c = m - 210. What is the units digit of c?
0
Let n = -11 + 5. Let p(l) = 3*l - 5 - 4*l + l**2 + 9 - l - 5. What is the tens digit of p(n)?
4
Let l = -2641 - -3830. What is the thousands digit of l?
1
Let w = -23618 + 39705. What is the ten thousands digit of w?
1
Suppose -j + 3*g + 146 = 0, 0*j + 4*g + 568 = 4*j. Suppose -j = 5*l - 4*w, 66 + 18 = -3*l - 5*w. What is the tens digit of l/84 - 1658/(-6)?
7
Suppose 21*k - 2 = 20*k. Suppose -7*v - 25 = -k*v, -4*v = -4*m + 32. Let b(t) = 18*t + 4. What is the tens digit of b(m)?
5
Let j(o) = 2*o**3 + 6*o**2 + 3*o + 7. Let r = 15 + -10. What is the units digit of j(r)?
2
Suppose -11*z - z + 12504 = 0. Suppose -5*k = -3*k - z. What is the hundreds digit of k?
5
Let d = 2016 - 292. What is the hundreds digit of d?
7
Suppose -48*z + 319291 = 26*z + 59107. What is the thousands digit of z?
3
Let s = 40625 - 23314. What is the units digit of s?
1
Let v(h) = 3910*h - 904. What is the thousands digit of v(6)?
2
Let v(z) be the first derivative of z**4/4 + 5*z**3 - 9*z**2/2 + 5. Let o(u) be the second derivative of v(u). What is the tens digit of o(12)?
0
Let k(v) = -v**3 + 4*v**2 + 3*v + 12. Let n be k(5). Suppose -r + n*b - 38 = -4*r, 4*b = -2*r + 36. What is the hundreds digit of -1*r*(-952)/85?
1
Suppose -9*r - 4*f + 59047 = -412265, 2*r - 104746 = -2*f. What is the ten thousands digit of r?
5
Let l = 67 + -61. Suppose 4*u - 16 = 4*d, -l*u + 25 = -u. What is the units digit of d*((-2)/(-1) - -72)?
4
Let w(r) = -5*r - 6. Let q be w(-14). Let p = -17 + q. Let i = p + 2. What is the tens digit of i?
4
Let a(p) = 32*p**2 + 4*p - 5. Let h be a(2). Suppose -1 = -0*l + l, 3*n + 4*l = h. What is the tens digit of n?
4
Let n be (-2)/14 - (1 + 5324/(-28)). Suppose 5*q + 221 = g + 36, g - n = q. What is the units digit of g?
0
Let v(b) = -2*b - 7. Let l(o) = -o - 4. Let d(c) = 9*l(c) - 4*v(c). Let y be d(0). What is the units digit of 2*4/(y/(-59))?
9
Suppose 3*x - 25950 = -3*m, 38*x - 34*x = 4*m - 34576. What is the hundreds digit of m?
6
Let h(r) = -2*r**2 - 172*r + 37. What is the hundreds digit of h(-49)?
6
Let a(t) be the second derivative of 365*t**4/3 + t**2 + 5*t - 25. What is the units digit of a(-1)?
2
Suppose -5*a + 12 = -4*a + 2*j, 32 = 4*a + 4*j. Suppose -q = -a*q + 420. Suppose -w + 3*i + 71 = -0*w, 2*w = 5*i + q. What is the units digit of w?
5
Suppose 0 = -11*s + 2*m + 335420, -2*s + 61*m = 56*m - 60953. What is the ten thousands digit of s?
3
Let h = -11302 + 27731. What is the thousands digit of h?
6
Let c(v) = 416*v**2 + 34*v - 291. What is the thousands digit of c(5)?
0
Let p(h) = -8 - 5 - 4*h**2 + 56*h**2 + 15*h**2. Let v be p(5). What is the tens digit of 45/(-60) + v/8?
0
Let r(y) = -y**3 + 9*y**2 + 37*y. Let h be r(12). Suppose h*p + 7749 = 39*p. What is the hundreds digit of p?
2
Suppose 4*h - 2*m = 14, 2*m + 0*m + 9 = 3*h. Let a(z) = 9*z**2 - 7*z + 9. Let x(k) = -k**2 + k + 1. Let v(n) = h*x(n) + a(n). What is the units digit of v(5)?
4
Let q = -146 - -140. What is 